re the prime factors of 10978074?
2, 3, 587, 1039
What are the prime factors of 7332212?
2, 67, 109, 251
What are the prime factors of 7417343?
739, 10037
What are the prime factors of 44581?
109, 409
What are the prime factors of 4068826?
2, 83, 127, 193
List the prime factors of 8755239.
3, 2918413
What are the prime factors of 4016028?
2, 3, 43, 181
List the prime factors of 4698751.
277, 16963
What are the prime factors of 2364918?
2, 3, 394153
What are the prime factors of 5990416?
2, 43, 8707
What are the prime factors of 554883?
3, 7, 26423
What are the prime factors of 443502?
2, 3, 43, 191
What are the prime factors of 148540?
2, 5, 7, 1061
What are the prime factors of 30979682?
2, 41, 377801
What are the prime factors of 855788?
2, 213947
What are the prime factors of 1316307?
3, 438769
List the prime factors of 10146722.
2, 17, 19, 113, 139
List the prime factors of 1749703.
1749703
List the prime factors of 176732.
2, 17, 23, 113
List the prime factors of 86134.
2, 43067
What are the prime factors of 3829176?
2, 3, 13, 4091
What are the prime factors of 15512329?
7, 2216047
What are the prime factors of 2643?
3, 881
List the prime factors of 212875.
5, 13, 131
What are the prime factors of 241276?
2, 7, 1231
List the prime factors of 466098.
2, 3, 131, 593
List the prime factors of 1361936.
2, 85121
List the prime factors of 12244165.
5, 17, 23, 6263
What are the prime factors of 284856?
2, 3, 11, 13, 83
What are the prime factors of 41209969?
191, 359, 601
What are the prime factors of 783681?
3, 239, 1093
List the prime factors of 12882468.
2, 3, 61, 17599
List the prime factors of 3518923.
3518923
What are the prime factors of 867867?
3, 7, 11, 13, 17
List the prime factors of 379275.
3, 5, 13, 389
What are the prime factors of 8431221?
3, 2810407
What are the prime factors of 591958?
2, 41, 7219
What are the prime factors of 658261?
658261
List the prime factors of 883828.
2, 11, 53, 379
What are the prime factors of 3629008?
2, 226813
List the prime factors of 17868478.
2, 43, 173, 1201
What are the prime factors of 1454098?
2, 727049
What are the prime factors of 5729097?
3, 11, 127, 1367
What are the prime factors of 423856?
2, 59, 449
List the prime factors of 11456984.
2, 7, 11, 2657
What are the prime factors of 442437?
3, 139, 1061
What are the prime factors of 592824?
2, 3, 17, 1453
List the prime factors of 207093.
3, 69031
What are the prime factors of 2600555?
5, 520111
What are the prime factors of 6012471?
3, 1181, 1697
What are the prime factors of 547215?
3, 5, 191
List the prime factors of 1775424.
2, 3, 7, 1321
What are the prime factors of 326918?
2, 223, 733
List the prime factors of 2284766.
2, 11, 17, 41, 149
What are the prime factors of 242219?
43, 131
What are the prime factors of 1333619?
7, 317, 601
List the prime factors of 137155.
5, 27431
List the prime factors of 18616878.
2, 3, 7, 16417
What are the prime factors of 376973?
479, 787
What are the prime factors of 258218?
2, 41, 47, 67
What are the prime factors of 2174753?
7, 67, 4637
List the prime factors of 21633732.
2, 3, 41, 14657
List the prime factors of 2265231.
3, 755077
List the prime factors of 512963.
11, 46633
List the prime factors of 392211.
3, 43579
List the prime factors of 443523.
3, 163, 907
List the prime factors of 68142.
2, 3, 41, 277
What are the prime factors of 3137290?
2, 5, 13, 24133
What are the prime factors of 21317750?
2, 5, 71, 1201
What are the prime factors of 1684158?
2, 3, 7, 40099
List the prime factors of 4482786.
2, 3, 7, 11, 31, 313
What are the prime factors of 148999?
37, 4027
List the prime factors of 1495928.
2, 7, 26713
What are the prime factors of 293012?
2, 17, 31, 139
List the prime factors of 267799.
7, 67, 571
List the prime factors of 5512427.
157, 35111
What are the prime factors of 643443?
3, 214481
List the prime factors of 5441457.
3, 7, 53, 4889
What are the prime factors of 1444034?
2, 83, 8699
List the prime factors of 3015184.
2, 31, 6079
List the prime factors of 2545185.
3, 5, 29, 5851
What are the prime factors of 4986258?
2, 3, 831043
What are the prime factors of 5760159?
3, 71, 27043
What are the prime factors of 138617?
138617
List the prime factors of 433577.
433577
List the prime factors of 620638.
2, 37, 8387
What are the prime factors of 3925972?
2, 981493
What are the prime factors of 5829123?
3, 43, 73, 619
List the prime factors of 8421366.
2, 3, 47, 29863
What are the prime factors of 671029?
671029
List the prime factors of 346829.
7, 49547
List the prime factors of 10604093.
47, 225619
List the prime factors of 22207243.
29, 765767
What are the prime factors of 64184?
2, 71, 113
List the prime factors of 158063.
263, 601
What are the prime factors of 9020283?
3, 3006761
List the prime factors of 160804.
2, 7, 5743
What are the prime factors of 7874940?
2, 3, 5, 131249
List the prime factors of 96069.
3, 31, 1033
What are the prime factors of 1797295?
5, 101, 3559
What are the prime factors of 761201?
7, 37, 2939
List the prime factors of 16167878.
2, 101, 80039
What are the prime factors of 2477669?
197, 12577
List the prime factors of 4878565.
5, 43, 22691
List the prime factors of 349491.
3, 97, 1201
What are the prime factors of 668377?
61, 10957
What are the prime factors of 11538303?
3, 7, 549443
List the prime factors of 356838.
2, 3, 59473
What are the prime factors of 11630517?
3, 181, 21419
List the prime factors of 29077211.
1871, 15541
What are the prime factors of 5941192?
2, 167, 4447
What are the prime factors of 2897850?
2, 3, 5, 19319
List the prime factors of 3827522.
2, 23, 83207
List the prime factors of 462035.
5, 7, 43, 307
List the prime factors of 190675.
5, 29, 263
What are the prime factors of 264870?
2, 3, 5, 109
List the prime factors of 4230191.
7, 604313
List the prime factors of 73094.
2, 7, 23, 227
List the prime factors of 278223.
3, 11, 8431
What are the prime factors of 169085?
5, 7, 4831
List the prime factors of 1438180.
2, 5, 71909
List the prime factors of 8896157.
2039, 4363
What are the prime factors of 25345733?
7, 3620819
List the prime factors of 4796932.
2, 7, 67, 2557
List the prime factors of 5317193.
7, 759599
What are the prime factors of 155300?
2, 5, 1553
What are the prime factors of 9653071?
9653071
What are the prime factors of 4440794?
2, 19, 23, 5081
List the prime factors of 824938.
2, 59, 6991
List the prime factors of 95563.
13, 7351
What are the prime factors of 423037?
127, 3331
What are the prime factors of 3815513?
13, 107, 211
List the prime factors of 297079.
297079
List the prime factors of 226724.
2, 56681
List the prime factors of 16102050.
2, 3, 5, 107347
What are the prime factors of 9080988?
2, 3, 7, 108107
What are the prime factors of 3169518?
2, 3, 11, 48023
What are the prime factors of 809740?
2, 5, 40487
What are the prime factors of 201773?
11, 13, 17, 83
What are the prime factors of 242173?
242173
List the prime factors of 1034290.
2, 5, 293, 353
What are the prime factors of 26758522?
2, 7, 23, 83101
List the prime factors of 1502423.
13, 115571
List the prime factors of 6557.
79, 83
List the prime factors of 2633142.
2, 3, 29, 37, 409
What are the prime factors of 170041?
97, 1753
List the prime factors of 24485602.
2, 1409, 8689
List the prime factors of 1782073.
173, 10301
What are the prime factors of 6831275?
5, 11, 24841
What are the prime factors of 59792?
2, 37, 101
List the prime factors of 987472.
2, 61717
List the prime factors of 3371401.
11, 306491
List the prime factors of 4126532.
2, 1031633
What are the prime factors of 534341?
534341
What are the prime factors of 2576570?
2, 5, 257657
What are the prime factors of 3447151?
19, 397, 457
What are the prime factors of 7156?
2, 1789
List the prime factors of 23357.
23357
List the prime factors of 184280.
2, 5, 17, 271
What are the prime factors of 1446452?
2, 7, 51659
What are the prime factors of 1613147?
17, 31, 3061
What are the prime factors of 476491?
23, 20717
What are the prime factors of 5914915?
5, 829, 1427
What are the prime factors of 10450720?
2, 5, 7, 31, 43
List the prime factors of 325854.
2, 3, 43, 421
List the prime factors of 3296299.
1187, 2777
List the prime factors of 298742.
2, 149371
List the prime fac